l?
1
Suppose 8*z + 5*j - 1580 = 4*z, z = -2*j + 398. Suppose 0 = z*o - 391*o + 571. What is the units digit of o?
1
Let b be 7/1 + 2 + -12. What is the units digit of (-3 - -574) + b + -1?
7
Let r(j) = -315*j**3 + 22*j**2 + 21*j + 10. What is the units digit of r(-5)?
0
Let k(x) = 15*x**2 + 21*x - 103. Let q be k(9). Suppose 5*l - 4916 + q = 0. What is the hundreds digit of l?
7
Let u = 12680 + -5120. What is the tens digit of u?
6
Suppose -109292 - 78162 - 40488 = -11*d. What is the ten thousands digit of d?
2
Let x = 15 - 29. Let r be (-6)/x + (-115)/7. What is the tens digit of ((-92)/(-16))/((-1)/r)?
9
What is the units digit of (((-5004)/10)/(-3))/(18/660)?
6
Suppose 0 = -5*m - 1 - 9, 0 = -2*p - 4*m - 8. Suppose p = -22*u + 1190 - 24. What is the units digit of u?
3
What is the units digit of (-456)/342*3594*-1?
2
Let p = 32 - 73. Let f = -41 - p. Suppose f = -6*h + 3*h - 15, 2*b = -h + 101. What is the units digit of b?
3
Let h be 18*3/9*-1. Let l(i) = -75*i - 21. What is the tens digit of l(h)?
2
Let l = -424 - -895. Suppose -l = m + m - s, -3*m = 5*s + 700. What is the tens digit of (-20)/6*(m/10 + -2)?
8
Let k be (-1)/((-44)/272) - 4/22. Suppose -k*u - 9*u + 2535 = 0. Suppose 4*w - 91 = u. What is the units digit of w?
5
Suppose 4*u - 12 = -12. Suppose u = 5*g + 659 - 2604. What is the units digit of g?
9
Let w(s) = -5*s**2 - 7*s**2 - s**3 - 10*s**2 - 5*s**2 + 1704 + 5*s + 29*s**2. What is the tens digit of w(0)?
0
Let g be (2/(-12)*-3)/(2/16). What is the tens digit of g/(-8) + (-18)/12 + 120?
1
Let u(p) = -63*p**3 - p**2 + 1. Let i be 6/(-2) + 1 - (29 + -28). Let h be i*-4*4/(-48). What is the units digit of u(h)?
3
Suppose -4*l = 12, -o - 3*l + 6877 = -0*l. What is the units digit of o?
6
Let y be (-32)/(-2*3/24). Suppose -66 = 8*g - 90. Suppose g*o - 7 = y. What is the tens digit of o?
4
Let v be 2 + (-33 + 13 - (-3 - 1)). Let i be (-57)/(-133) + (-190)/v. What is the tens digit of (-168)/(1 - i/8)?
2
Suppose -4*h + 36254 = -2*i, h - 4*h + 4*i + 27178 = 0. What is the hundreds digit of h?
0
Let r = -6 - -2. Let c be 3*46/12 + (-25)/10. What is the units digit of (12/c)/(-2*r/144)?
4
Let r = -454 + 723. Let j = -156 + r. What is the units digit of j?
3
Suppose -3 + 5 = -2*r. Let j be ((-6)/((-36)/62))/(r/(-18)). Suppose -9*t + 12*t = j. What is the tens digit of t?
6
Let z(d) = -199*d**2 + 8*d + 18. Let o be z(-2). Let v = 373 - o. What is the tens digit of v?
6
What is the units digit of 20326 + -2 + (-5 - (-5 - -7) - -9)?
6
Let l(h) = 4 - 3*h**2 - 12*h**2 - 4*h + 27*h**2 + 2*h**2. What is the tens digit of l(1)?
1
Suppose -5*s = -s + t - 1, 2*t + 10 = 4*s. What is the hundreds digit of 1/(2/364)*2/s?
3
Let g = 1558 + -298. Suppose 544 = 4*r - g. What is the units digit of r?
1
Let v(t) = 2 - 4 + 244*t**2 + 7*t + 1 + 5. What is the hundreds digit of v(-1)?
2
Let p(w) = 2*w**2 + 23*w - 37. Let l be p(-13). What is the hundreds digit of l/4*2*1390?
3
Let n(l) = -7835*l + 121. What is the units digit of n(-2)?
1
Let r be (1 - 2)*(-1)/((-1)/(-3)). Suppose -4*v + 534 = r*m - v, 0 = m - 3*v - 158. What is the units digit of m?
3
Let r be 2 + 56 + (-15)/(5 - 2). Suppose 5*f - 1050 = -y, f + y + r = 263. What is the hundreds digit of f?
2
Let h(y) = -20*y**2 - 8*y - 8. Let q be h(-1). What is the hundreds digit of (-17045)/q - 10/40?
8
What is the thousands digit of 1 + 45787/28 + 18/24?
1
Suppose 25*m = 702498 + 483314 + 38438. What is the units digit of m?
0
Let p be (-6)/9*3 - (5 - -6). Let v(s) = -s**3 - 10*s**2 + 20*s + 27. What is the units digit of v(p)?
4
Suppose -n = 3*n - 12. Let u(k) = 84*k + 246. Let b be u(-3). What is the units digit of b/2 + 16 + n?
6
Let m(k) = 3226*k - 5961. What is the thousands digit of m(11)?
9
Let m = -44953 + 88603. What is the hundreds digit of m?
6
Let y = -26583 - -56342. What is the ten thousands digit of y?
2
Let o be -498*((-55)/(-10))/(-11). Let r = 305 - o. What is the units digit of r?
6
Let b = -409 + 854. Let h = 944 - b. What is the hundreds digit of h?
4
Let d(w) = 1269*w**2 - w - 21. What is the hundreds digit of d(-5)?
7
Suppose -88*x - 6 = -90*x. Let n(t) = -1 - 3*t**2 - 3 + 2*t - 2 + t**x - 3*t. What is the hundreds digit of n(7)?
1
Suppose 0 = -4*r + 3*i + 14 + 26, r - 4*i - 10 = 0. What is the units digit of ((-5)/r)/((-10)/(-648))*-5?
2
Let f = -1245 - -15098. What is the ten thousands digit of f?
1
Suppose -2*j + 4*f + 53840 = 0, 154*j - 53846 = 152*j + 3*f. What is the units digit of j?
2
Let j(w) = 8628*w**2 - 7*w - 9. What is the hundreds digit of j(-1)?
6
Let l be 10/5 - (0/(-1) - -1). Let q be (l - 5)/(-2 - (0 + -1)). Suppose -h + 47 = -3*c, -2*c + 78 = q*h - 2*h. What is the units digit of h?
1
Let v(l) = -l**2 - 7*l + 2. Let q be v(-7). Suppose -151*c - 54 = -148*c. What is the units digit of -1 + c/(q - 5)?
5
Let r = 170 - 178. What is the units digit of 211 + (0 - -1 - (r - -5))?
5
What is the tens digit of ((-2)/(-3))/(15*6/191835)?
2
Suppose -2*l - 3 + 13 = 0. Suppose -l*i = -1296 - 359. Suppose 5*p + 118 = x - 42, 2*x + p - i = 0. What is the tens digit of x?
6
Suppose 3*k - 40 = -3*m + 35, -3*k - 5*m + 67 = 0. Let l(a) = 17*a - 45. Let u be l(9). Let f = u - k. What is the tens digit of f?
7
Let a be (140 - 143) + 2/(0 + 1). Let k(z) = -817*z + 12. What is the hundreds digit of k(a)?
8
Let k(f) = -f**2 + 3*f + 28. Let t be k(7). Suppose 16*r - 12*r + u - 1262 = 0, r + u - 317 = t. What is the tens digit of r?
1
Suppose 69 = 5*o + 319. Let n be -2 - (o/(-5))/(-5). Suppose -2*q + 94 = 2*k, 2*k + 2*k - q - 178 = n. What is the tens digit of k?
4
Let o be 8*26 - (-5 + 9 - 6). Let z = 0 - -2. Suppose z*u - o = -5*v, 4*v - 432 = -2*u - 2*u. What is the units digit of u?
0
Let o be ((-6)/(-4))/(41/(-28536)). Let d = 1510 + o. What is the tens digit of d?
6
Suppose -11*c = -36*c. Suppose -j + 414 + 0 = c. What is the units digit of j?
4
What is the ten thousands digit of 316077/10 - -4 - 12/(-40)?
3
Let p(a) = -4*a**2 - 11*a - 4. Let q be p(-5). Let l = q - -51. Let o = l - -19. What is the units digit of o?
1
Let g(v) = v**2 + 7*v + 4. Let f be g(-6). Let r be ((-8)/3 - f)/(22/33). What is the units digit of (-1)/((-18)/(-20) + r)?
0
Suppose -3*o + 11047 = -5*p, -3*o + p + 10067 = -972. Suppose v - 14*v = -o. What is the hundreds digit of v?
2
Let w = 4163 - -2345. What is the units digit of w?
8
Suppose -104*k - 1575504 = -131*k. What is the ten thousands digit of k?
5
Suppose 5*d - 322 = -47. Let w = d + 235. What is the tens digit of w?
9
Let q = 5334 + -1257. What is the units digit of q?
7
Suppose 0 = 3*h + 15, 3*c - 16201 = -4*h + 24819. What is the units digit of c?
0
Suppose -582 = 2*w + 36. Let j = w - -485. What is the hundreds digit of j?
1
Suppose 0 = 9*u - 1 - 26. Suppose 2*c + 2*s - 182 = -0*c, 2*c - u*s = 167. What is the tens digit of c?
8
Let s = -21 + 1. Let n be (4/10)/(((-16)/s)/2). What is the units digit of n/(2/136) + (1 - 2)?
7
Let v(c) = c**3 + 8*c**2 - 7*c - 5. Let w be v(-8). Let t = w - 31. Let l = t - 11. What is the units digit of l?
9
Let s = -124260 - -191859. What is the thousands digit of s?
7
Let u = 1069 + -492. Let z = -88 + u. What is the hundreds digit of z?
4
Let o(i) = 295*i - 479. What is the ten thousands digit of o(36)?
1
What is the thousands digit of (3/2)/(570/3875240)?
0
Let a be (13 + -1)*(-3)/(-4). Let l(x) = -46*x + 961. Let q be l(21). Let t = a + q. What is the units digit of t?
4
Let p = 85579 - 44716. What is the units digit of p?
3
What is the units digit of ((-252)/147)/(2/(-3206))?
8
Suppose 0 = m - 17 + 20. What is the tens digit of 870 + -5 - (-1 - m)?
6
Suppose 19*b = 21*b - 8. Suppose -4*r + b = 0, 4*r = -4*q + 3*r + 1057. What is the units digit of q?
4
Let c(s) = -2*s + 0*s - 2*s + s**2 + 9 + s. Let k be c(-11). Suppose -326 = -3*p + k. What is the hundreds digit of p?
1
Let w(k) be the third derivative of k**6/120 - 7*k**5/15 + 35*k**4/24 + 22*k**3/3 - 45*k**2. Let b be w(26). Let x = 599 + b. What is the hundreds digit of x?
2
Let d = -65883 - -98204. What is the units digit of d?
1
What is the units digit of (5/3 + (-11469734)/(-258))*(-2)/(-4)?
9
Let o be ((-82)/(-6))/((-2)/(-54)*-3). Let b = -126 - o. What is the units digit of 10195/40 - b/24?
5
Let b = 8578 - -9837. What is the hundreds digit of b?
